derivative of u**6/60 - 3*u**5/20 + u**4/8 - u**3/3 - 8*u**2. Let r be v(6). Suppose -16 = 4*q - r. What are the prime factors of q?
3
Suppose -u = 2*x + 3*u + 78, -x - 3*u = 40. Let i = x + 46. What are the prime factors of i?
3
What are the prime factors of ((1650/4)/(-11))/((-12)/872)?
5, 109
Let m = 107 + -68. Let n = 11 + m. List the prime factors of n.
2, 5
Suppose -z - 21 = y - 5*y, -4 = 4*z. Suppose -4*x = -20, -6 = y*l - x - 1. Suppose 0*i + 2*i + g = 62, l = 5*g. What are the prime factors of i?
31
Suppose 0 = 9*p - 22 - 5. Suppose -r - 3*r + p*j = -491, 0 = 4*r + 4*j - 456. List the prime factors of r.
7, 17
Let r(u) = 5*u + 2. Let p be r(5). Suppose 3*s + 24 = -p. List the prime factors of (-6)/(-12)*(-1 - s).
2
Suppose 12 = o - 0. Let z = o + -7. Suppose 137 = z*i + 2*d + 2*d, -40 = -i - 5*d. List the prime factors of i.
5
Let r = 2612 + 277. List the prime factors of r.
3, 107
Let w = 62 + -101. Let h be -2 + 1 + 130/2. Let c = w + h. List the prime factors of c.
5
List the prime factors of ((-9)/(-18))/(4/1232).
2, 7, 11
Suppose -9 + 21 = 4*i. Suppose 254 = i*c - 178. List the prime factors of c.
2, 3
Suppose -3714 = -6*g + 1500. What are the prime factors of g?
11, 79
Suppose -76*b = -55*b - 41412. List the prime factors of b.
2, 17, 29
Let v(z) = z**3 + 4*z**2 - 6*z + 4. Let q be v(-5). What are the prime factors of -28*((-75)/63 - (-3)/q)?
2, 3
Let w be (-1)/2 + (-7650)/20. Let p = -212 - w. List the prime factors of p.
3, 19
Let g(f) = -23*f. Let w = -23 - -22. What are the prime factors of g(w)?
23
Let y(k) = -k**2 - 10*k + 5. Suppose -3*i = 3*i + 54. List the prime factors of y(i).
2, 7
Suppose 0 = -4*c - 12, 2*b = 4*c - 82 + 396. List the prime factors of b.
151
Let n = 1214 + -891. List the prime factors of n.
17, 19
Suppose -2*g - 3*f = -0*f - 736, 0 = -4*f. Suppose 7*a = -4*d + 3*a + g, a + 2 = 0. List the prime factors of d.
2, 47
Let d(n) be the third derivative of 0 + n**3 - 5*n**2 + 0*n + 3/8*n**4 + 1/60*n**5. List the prime factors of d(-9).
2, 3
Suppose 3516 = 3*i + 4*s, -36*i - 2342 = -38*i - 2*s. List the prime factors of i.
2, 73
Let n(y) = -y**2 + 7*y - 3. Let l be ((-24)/10)/((-2)/5). Let f be n(l). List the prime factors of 7/(3/f) - 0.
7
Let a = -10 - -5. Let h = -35 + 60. Let i = a + h. What are the prime factors of i?
2, 5
Let a be -5*(-4)/(-10)*21. Let i(x) = x**3 - 2*x**2 - 2*x + 78. Let t be i(0). Let n = a + t. What are the prime factors of n?
2, 3
Suppose -3*o = b + 12, 0 = -3*b - 8*o + 4*o - 11. Let a(f) = 2*f**2 + f + 6. List the prime factors of a(b).
3
Suppose 0 = 3*i - 4*i + 141. Suppose -s = -4*s + i. What are the prime factors of (-2 + s)*(-4)/(-12)?
3, 5
Let a be 1/(-11)*-35 - (-4)/(-22). Suppose -132 = -a*j + 45. List the prime factors of j.
59
Suppose -2*q - 4*q - 54 = 0. Let u = -5 - q. Suppose 0 = -u*n - 2*v + v + 279, 4*v - 219 = -3*n. List the prime factors of n.
3, 23
Let l(o) = -9*o - 50. Let f be l(-8). Let h be (3/1 + -2)*70. Let z = h - f. List the prime factors of z.
2, 3
What are the prime factors of (-1205 - -1 - -1)/((-69)/46)?
2, 401
Let j = 57 - 58. What are the prime factors of (j + 3)*1 + -2 + 330?
2, 3, 5, 11
Let f(a) = -a**3 + 14*a**2 + 14*a + 17. Let z be f(15). Suppose -z*o + 17 = -151. List the prime factors of o.
2, 3, 7
Let q(y) = y**3 + 3*y + 5*y + 5*y**2 + 2*y - 6*y. Let t be q(-3). Suppose -178 = -4*r - t. What are the prime factors of r?
43
Let z(k) = 5*k**2 - 10*k + 77. What are the prime factors of z(11)?
2, 11, 13
Suppose 0 = -3*b + 4*n + 603, 5*b - 3*b = -5*n + 379. List the prime factors of b.
197
Suppose -9540 = -3*m + 4374. List the prime factors of m.
2, 3, 773
Suppose 2*n + 7 - 15 = 0. Suppose -n*u - 3*d = 84 - 266, 2*u - 84 = 2*d. List the prime factors of u.
2, 11
Suppose -2*s = i - 9, 4*i - 19 = 3*s - i. Let b = -2 + s. Suppose -5*m + 10*m + 4*c = 87, 5*m - 5*c - 60 = b. List the prime factors of m.
3, 5
Suppose 0 = 16*o - 13*o - 66. Let r = o - -43. List the prime factors of r.
5, 13
Let c = 14 + -12. Let t(s) = -12 - 3*s - c - 1 + 0. What are the prime factors of t(-9)?
2, 3
Suppose 3*x - 38 - 31 = 0. Let r = x - -1. List the prime factors of (r/10)/(1/10).
2, 3
Let y(t) = -t**2 - 12*t + 28. Let p be y(-14). Suppose -4*k + 279 + 177 = p. List the prime factors of k.
2, 3, 19
Let j = -374 + 1092. List the prime factors of j.
2, 359
Let a(t) = -11*t**3 + 3*t**2 + 6*t + 7. What are the prime factors of a(-3)?
313
Let x(n) = -n**3 - 56*n**2 + 39*n - 70. List the prime factors of x(-57).
2, 239
Suppose -3171 = -w + g, -6*w + 10*w - 12683 = 3*g. List the prime factors of w.
2, 5, 317
Let y = 1644 - -211. List the prime factors of y.
5, 7, 53
Let c(z) = -z**3 - z**2 - 1. Let x(r) = -117*r**3 - 3*r**2 + r - 1. Let q(a) = -2*c(a) + x(a). What are the prime factors of q(-1)?
2, 3, 19
Suppose r - 129 = 336. What are the prime factors of r?
3, 5, 31
Suppose 10061 = 20*r - 3079. What are the prime factors of r?
3, 73
Suppose 2*n + 1616 = l, -3*l - 9*n = -14*n - 4845. What are the prime factors of l?
2, 5, 7, 23
Let a be (-1)/(-2) - 50/(-20). Suppose -a*n + t + 23 = 2*n, -n - 5*t - 11 = 0. Suppose -3*o = -n*c + 116, -5*c - 94 = -o - 228. What are the prime factors of c?
2, 13
Let d be -8*(-1)/(-2) + -2. Let q = d + 7. List the prime factors of q/(3 - (-86)/(-29)).
29
Let h(v) = -3*v**3 + 5*v**2 + v - 2. Let o(m) = -7*m**3 + 10*m**2 + 2*m - 3. Let f = 8 - 6. Let u(y) = f*o(y) - 5*h(y). What are the prime factors of u(6)?
2, 17
Let l(o) = -59*o + 1. Let r be l(-5). Suppose 3*v - r = -x, -4*x = -0*v + 2*v - 214. What are the prime factors of v?
97
Let m = -99 + 252. What are the prime factors of m?
3, 17
Let n = -294 + 105. What are the prime factors of n/(-2) + (-33)/22?
3, 31
Let q(y) = 161*y**2 - 3*y + 1. List the prime factors of q(2).
3, 71
Let m be (-6)/(-8) - 819/(-28). Suppose r - 27 = m. What are the prime factors of r?
3, 19
Let s = -829 - -2254. What are the prime factors of s?
3, 5, 19
Suppose -4*z - 1415 - 1423 = -3*p, 5*p - 2*z = 4730. List the prime factors of p.
2, 11, 43
Let i = -2137 + 4153. What are the prime factors of i?
2, 3, 7
Suppose 3*u - 52 = -4*a - u, 0 = -5*a + 5*u + 65. Let t = 27 - a. List the prime factors of 940/35 + 2/t.
3
Let x(b) = -12*b**2 + 3*b + 3. Let d be x(-4). Let w = d + 120. Let o = w - -125. What are the prime factors of o?
2, 11
Let l be (3 - -77)*4*2/5. Suppose 4*j - l = 528. List the prime factors of j.
2, 41
Let s(z) = z**3 + 10*z**2 - 2*z + 6. Let v be s(-11). Let i = -199 - v. List the prime factors of (-6)/9 + i/(-6).
17
Suppose -5*f = -10, -4*b + 3*f - 14 = 12. Suppose 2*o + 2*s = -s + 33, 0 = 4*o - 2*s - 58. Let d = b + o. List the prime factors of d.
2, 5
Suppose 4*a = r - 9, 9 - 33 = 4*a + 4*r. List the prime factors of (-2)/a + (-82)/(-3).
2, 7
Let z(a) = -53*a - 20. Let v be z(6). Let c be v/(-4) + 15/(-10). Suppose -2*q + 0*q - c = -5*n, -3*n = 5*q - 56. List the prime factors of n.
17
Suppose 2*h + 16 = 4*h. What are the prime factors of (-39)/1*h/(-12)?
2, 13
List the prime factors of (332/1162)/((-4)/(-11746)).
839
What are the prime factors of 18/(-7 - -10) + (5849 - -4)?
3, 7, 31
Let c(m) = 291*m**2 - 1. What are the prime factors of c(-1)?
2, 5, 29
Let s(u) = 6*u**3 + 4 + 5*u**3 - 5. Let g(a) = -a - 6. Let c be g(-7). What are the prime factors of s(c)?
2, 5
Suppose 28*v - 8050 = 18*v. What are the prime factors of v?
5, 7, 23
Suppose -2*m = 4*w - 3 - 15, 3*w - m - 26 = 0. Let t = 7 - w. Suppose -4*i = -2*v + 76, 0 = -t*v + 5*v + 3*i - 151. List the prime factors of v.
2
Let g(s) = -7*s + 4. Let y be g(2). Let w = y - -15. Suppose -3*m = -15, -2*c + w*m = 6*m - 43. What are the prime factors of c?
19
Let p = 1 - -3. Suppose -2*q = -3*t + 149, 7*q - p*q = 3*t - 144. List the prime factors of t.
53
Suppose 4*w = -4*k + 116, 10*k - 5*k - 2*w = 159. What are the prime factors of k?
31
Let f(v) = -v**2 + 13*v + 1. Let w(b) = 2 - b**2 + 0*b**2 - 4*b - 5 - 4*b. Let q be w(-6). List the prime factors of f(q).
37
Suppose 0*h + 4*h = -380. Let q = h + 158. List the prime factors of q.
3, 7
Let x(t) = t**3 - 12*t**2 + 11*t + 1. Let o be x(11). Let u(a) = 38*a**3 + 2*a**2 - 2. What are the prime factors of u(o)?
2, 19
Suppose 1 + 29 = 6*i. Suppose -2*q - 2*q = t + 4, -i*t = -4*q - 4. Suppose t*j = -j + 18. W